usands digit of 593282035?
2
What is the ten millions digit of 147809520?
4
What is the units digit of 257010152?
2
What is the units digit of 657875224?
4
What is the hundred thousands digit of 47874450?
8
What is the units digit of 1392276107?
7
What is the hundreds digit of 24629085?
0
What is the millions digit of 943697213?
3
What is the hundreds digit of 661010431?
4
What is the units digit of 27844338?
8
What is the hundred thousands digit of 143439287?
4
What is the hundred thousands digit of 168317446?
3
What is the ten thousands digit of 222467054?
6
What is the thousands digit of 24351704?
1
What is the hundreds digit of 58482085?
0
What is the ten thousands digit of 1683589489?
8
What is the units digit of 50840279?
9
What is the hundred thousands digit of 360450469?
4
What is the thousands digit of 7116576518?
6
What is the hundred thousands digit of 873051965?
0
What is the ten thousands digit of 2644583?
4
What is the hundred thousands digit of 887202250?
2
What is the ten thousands digit of 15506961?
0
What is the hundred thousands digit of 20735879?
7
What is the hundred millions digit of 635960878?
6
What is the hundreds digit of 131893090?
0
What is the ten millions digit of 75468717?
7
What is the hundred millions digit of 2466541078?
4
What is the ten thousands digit of 23200010?
0
What is the millions digit of 1157389213?
7
What is the millions digit of 53445725?
3
What is the millions digit of 2366341210?
6
What is the hundred thousands digit of 470822034?
8
What is the millions digit of 266051198?
6
What is the hundreds digit of 61391191?
1
What is the thousands digit of 3274814125?
4
What is the hundred thousands digit of 3337808306?
8
What is the billions digit of 4118661120?
4
What is the billions digit of 2559009633?
2
What is the units digit of 3243117226?
6
What is the tens digit of 57228723?
2
What is the ten thousands digit of 17624563?
2
What is the units digit of 68442839?
9
What is the units digit of 104366096?
6
What is the millions digit of 22282377?
2
What is the tens digit of 712242012?
1
What is the ten millions digit of 2135661610?
3
What is the ten thousands digit of 1168929688?
2
What is the millions digit of 1872483328?
2
What is the thousands digit of 51467229?
7
What is the ten millions digit of 101052945?
0
What is the millions digit of 500463303?
0
What is the hundred millions digit of 360534995?
3
What is the ten thousands digit of 927151194?
5
What is the tens digit of 5076326?
2
What is the hundred millions digit of 267972632?
2
What is the hundreds digit of 1476538259?
2
What is the hundred millions digit of 1924893257?
9
What is the hundred millions digit of 3159613024?
1
What is the tens digit of 654257056?
5
What is the units digit of 54338140?
0
What is the units digit of 799703740?
0
What is the units digit of 630065593?
3
What is the units digit of 47333259?
9
What is the hundred thousands digit of 44470964?
4
What is the thousands digit of 179775276?
5
What is the millions digit of 215299747?
5
What is the thousands digit of 64883417?
3
What is the millions digit of 58359632?
8
What is the thousands digit of 15407363?
7
What is the ten thousands digit of 1189489727?
8
What is the hundred thousands digit of 17153733?
1
What is the ten millions digit of 239761167?
3
What is the tens digit of 918939955?
5
What is the ten thousands digit of 467647000?
4
What is the millions digit of 1398083920?
8
What is the hundred millions digit of 1283441890?
2
What is the tens digit of 13511223?
2
What is the tens digit of 315423809?
0
What is the hundred millions digit of 1854086211?
8
What is the tens digit of 339587474?
7
What is the millions digit of 271969380?
1
What is the units digit of 642013345?
5
What is the tens digit of 597044399?
9
What is the ten millions digit of 5843094555?
4
What is the hundred thousands digit of 92344178?
3
What is the ten thousands digit of 39064437?
6
What is the hundred millions digit of 3742825152?
7
What is the thousands digit of 14072180?
2
What is the tens digit of 226305403?
0
What is the ten millions digit of 197491731?
9
What is the ten thousands digit of 42504412?
0
What is the units digit of 325800421?
1
What is the ten thousands digit of 1035721810?
2
What is the thousands digit of 16871963?
1
What is the hundred millions digit of 162604736?
1
What is the thousands digit of 27500339?
0
What is the hundreds digit of 774665448?
4
What is the millions digit of 458060111?
8
What is the thousands digit of 42903441?
3
What is the hundred millions digit of 203412136?
2
What is the tens digit of 89308072?
7
What is the hundred thousands digit of 497438238?
4
What is the units digit of 139881593?
3
What is the units digit of 144066630?
0
What is the millions digit of 168822659?
8
What is the thousands digit of 168089930?
9
What is the tens digit of 67025400?
0
What is the ten thousands digit of 2995752?
9
What is the billions digit of 1381756122?
1
What is the hundreds digit of 445585224?
2
What is the millions digit of 95822491?
5
What is the thousands digit of 66911506?
1
What is the millions digit of 83829098?
3
What is the ten thousands digit of 47226176?
2
What is the ten thousands digit of 5458981198?
8
What is the hundreds digit of 48681289?
2
What is the units digit of 787875418?
8
What is the hundreds digit of 2110602805?
8
What is the millions digit of 677608898?
7
What is the millions digit of 348806683?
8
What is the hundred thousands digit of 70252995?
2
What is the millions digit of 356469744?
6
What is the millions digit of 124616814?
4
What is the tens digit of 3599818168?
6
What is the units digit of 1073164563?
3
What is the hundred millions digit of 399852396?
3
What is the thousands digit of 6671753731?
3
What is the hundred thousands digit of 66207218?
2
What is the hundreds digit of 29423891?
8
What is the hundreds digit of 21455444?
4
What is the hundred thousands digit of 11898899?
8
What is the millions digit of 1340500086?
0
What is the hundred thousands digit of 86905536?
9
What is the tens digit of 392041577?
7
What is the hundred millions digit of 6097864096?
0
What is the tens digit of 1664406828?
2
What is the ten thousands digit of 182356036?
5
What is the hundreds digit of 122944481?
4
What is the ten millions digit of 766971655?
6
What is the hundreds digit of 327344291?
2
What is the units digit of 162189365?
5
What is the ten thousands digit of 405831342?
3
What is the hundreds digit of 41739977?
9
What is the units digit of 772262727?
7
What is the hundred thousands digit of 44789521?
7
What is the hundred millions digit of 466544488?
4
What is the ten thousands digit of 48616852?
1
What is the hundreds digit of 2170455912?
9
What is the thousands digit of 10387648?
7
What is the hundred thousands digit of 889943614?
9
What is the hundreds digit of 251076475?
4
What is the ten thousands digit of 187014878?
1
What is the hundred thousands digit of 1311749316?
7
What is the hundred thousands digit of 42165847?
1
What is the ten thousands digit of 29733219?
3
What is the ten millions digit of 649014416?
4
What is the ten millions digit of 821859470?
2
What is the hundred millions digit of 2280257214?
2
What is the ten thousands digit of 43522308?
2
What is the ten thousands digit of 319175744?
7
What is the ten thousands digit of 117749662?
4
What is the tens digit of 1191069841?
4
What is the ten thousands digit of 4147620938?
2
What is the units digit of 198765992?
2
What is the hundred millions digit of 765857689?
7
What is the millions digit of 118678372?
8
What is the ten thousands digit of 415113350?
1
What is the tens digit of 1476276867?
6
What is the hundreds digit of 160056127?
1
What is the hundreds digit of 266388588?
5
What is the ten millions digit of 163771455?
6
What is the thousands digit of 103499050?
9
What is the ten thousands digit of 2804690336?
9
What is the units digit of 109704880?
0
What is the hundred thousands digit of 443536756?
5
What is the hundreds digit of 91629635?
6
What is the hundreds digit of 559509638?
6
What is the ten thousands digit of 1100352?
0
What is the ten thousands digit of 42869565?
6
What is the ten thousands digit of 41252245?
5
What is the tens digit of 104613252?
5
What is